What is the greatest common factor of 2698 and 703?
19
What is the highest common factor of 28741 and 1?
1
What is the greatest common divisor of 125 and 405?
5
Calculate the greatest common factor of 112 and 557936.
16
Calculate the greatest common factor of 454 and 33369.
227
What is the highest common factor of 3645 and 279207?
729
What is the highest common factor of 36476 and 1859?
11
What is the greatest common factor of 7747 and 27559?
127
Calculate the highest common divisor of 19547 and 66.
11
Calculate the highest common factor of 67 and 15233991.
67
What is the greatest common factor of 441392 and 42?
14
What is the greatest common divisor of 86296 and 804?
268
What is the highest common factor of 4701726 and 162?
162
What is the greatest common divisor of 15078 and 173038?
718
What is the highest common factor of 646 and 876299?
323
What is the greatest common factor of 42 and 734776?
14
What is the greatest common factor of 196 and 1108?
4
Calculate the greatest common divisor of 2151 and 31309.
239
What is the highest common divisor of 1858 and 2?
2
What is the highest common factor of 1343 and 4267?
17
What is the highest common factor of 1146 and 221751?
573
Calculate the highest common divisor of 49152 and 480.
96
Calculate the greatest common divisor of 79 and 995242.
79
What is the highest common factor of 403980 and 60?
60
What is the highest common divisor of 693 and 57750?
231
Calculate the greatest common divisor of 414 and 21144.
6
Calculate the highest common factor of 671 and 25803.
61
Calculate the highest common divisor of 93 and 47895.
93
Calculate the highest common factor of 60023 and 622.
311
Calculate the greatest common divisor of 18105 and 11573.
71
What is the greatest common factor of 17415 and 74605?
215
What is the greatest common factor of 456 and 8360?
152
Calculate the greatest common divisor of 156978 and 19.
19
What is the greatest common factor of 8928 and 2666?
62
What is the highest common divisor of 34 and 53686?
34
Calculate the greatest common factor of 7 and 4475.
1
Calculate the greatest common divisor of 105 and 65610.
15
Calculate the highest common factor of 230 and 6785.
115
What is the highest common divisor of 500235 and 90?
15
Calculate the highest common divisor of 1248 and 793.
13
Calculate the greatest common divisor of 87 and 1773843.
87
Calculate the greatest common divisor of 444 and 21719.
37
Calculate the greatest common divisor of 863 and 889753.
863
Calculate the greatest common factor of 30061 and 233953.
1307
Calculate the highest common divisor of 546 and 2716.
14
What is the greatest common factor of 3367 and 7371?
91
What is the highest common divisor of 145 and 815?
5
Calculate the highest common factor of 231927 and 582.
291
Calculate the highest common factor of 652 and 2247933.
163
Calculate the highest common divisor of 4716 and 171.
9
What is the highest common factor of 4 and 45842?
2
Calculate the highest common divisor of 19 and 1919.
19
What is the greatest common factor of 27738 and 95877?
603
What is the highest common factor of 4445 and 9065?
35
Calculate the greatest common divisor of 34182 and 62034.
1266
Calculate the highest common factor of 6253 and 65.
13
What is the highest common divisor of 12 and 2043768?
12
Calculate the greatest common divisor of 31375 and 9.
1
What is the highest common factor of 18 and 235962?
18
What is the highest common factor of 948 and 148362?
474
What is the greatest common divisor of 4669 and 119?
7
Calculate the greatest common factor of 5 and 13520.
5
What is the highest common factor of 918578 and 102?
34
Calculate the highest common factor of 18 and 3258.
18
Calculate the highest common factor of 38199 and 595.
119
Calculate the highest common divisor of 1081 and 3427.
23
What is the greatest common factor of 265 and 56845?
5
What is the greatest common divisor of 1524 and 201930?
762
What is the greatest common divisor of 6025 and 2025?
25
What is the highest common divisor of 124600 and 400?
200
Calculate the greatest common divisor of 668856 and 1044.
348
What is the greatest common factor of 100 and 15750?
50
Calculate the greatest common divisor of 1910 and 160.
10
Calculate the greatest common divisor of 447 and 1417139.
149
Calculate the highest common divisor of 28 and 404.
4
What is the greatest common factor of 341475 and 319?
29
Calculate the highest common divisor of 2902194 and 90.
18
Calculate the greatest common factor of 459 and 8032194.
153
Calculate the highest common divisor of 284145 and 855.
285
What is the greatest common divisor of 1650 and 16950?
150
What is the highest common factor of 668196 and 2?
2
Calculate the highest common factor of 1969506 and 42.
42
Calculate the highest common factor of 329476 and 33292.
1148
What is the highest common factor of 6105 and 9361?
407
What is the highest common factor of 3280626 and 68?
34
Calculate the greatest common factor of 417512 and 8.
8
What is the highest common divisor of 301037 and 286?
11
Calculate the greatest common factor of 924 and 5817.
21
What is the greatest common factor of 121272 and 1209?
93
What is the greatest common divisor of 124072 and 104?
104
What is the highest common factor of 109278 and 61177?
467
What is the greatest common divisor of 118 and 24603?
59
What is the greatest common divisor of 3564 and 4422?
66
What is the highest common factor of 61802 and 286?
26
Calculate the highest common factor of 75 and 101715.
15
What is the highest common factor of 361 and 403237?
361
What is the highest common factor of 26786 and 5221?
227
What is the greatest common divisor of 134211 and 385?
77
What is the greatest common divisor of 100 and 93460?
20
Calculate the highest common divisor of 35 and 123515.
35
What is the highest common divisor of 2485 and 284?
71
What is the highest common factor of 3 and 1081059?
3
What is the greatest common factor of 1281725 and 334?
167
What is the greatest common factor of 618 and 502?
2
Calculate the greatest common factor of 90 and 4710.
30
What is the highest common factor of 1863 and 613755?
207
Calculate the highest common divisor of 55 and 325798.
11
Calculate the highest common factor of 6545 and 977585.
595
What is the greatest common factor of 36022 and 868?
434
Calculate the highest common divisor of 748 and 19591.
11
Calculate the greatest common divisor of 2006823 and 91.
91
What is the highest common divisor of 143081 and 199?
199
Calculate the greatest common factor of 396 and 180540.
36
Calculate the highest common divisor of 20 and 998.
2
Calculate the greatest common divisor of 3680 and 2770.
10
What is the highest common divisor of 6048 and 6426?
378
Calculate the highest common divisor of 34530 and 60.
30
What is the greatest common factor of 67170 and 680?
10
Calculate the greatest common factor of 1221255 and 315.
315
What is the greatest common factor of 21 and 22581?
3
Calculate the highest common factor of 1480 and 115810.
370
Calculate the highest common factor of 30 and 152655.
15
Calculate the greatest common factor of 165 and 3168.
33
Calculate the highest common divisor of 700 and 70364.
28
What is the greatest common divisor of 37 and 109224?
37
What is the highest common divisor of 5304 and 10761?
51
Calculate the highest common factor of 5655 and 16211.
377
What is the highest common factor of 504 and 2149434?
126
Calculate the greatest common factor of 7679 and 28.
7
Calculate the highest common factor of 540 and 3180.
60
What is the highest common divisor of 754 and 16?
2
What is the highest common factor of 24442 and 1573?
121
What is the highest common divisor of 9420 and 120?
60
Calculate the greatest common divisor of 859 and 139.
1
What is the highest common divisor of 448 and 53488?
16
What is the greatest common factor of 179 and 136219?
179
What is the highest common divisor of 25425 and 2925?
225
Calculate the greatest common factor of 6894 and 72.
18
Calculate the highest common factor of 3633 and 5334.
21
What is the greatest common factor of 142 and 350527?
71
What is the highest common divisor of 51 and 2956589?
17
What is the greatest common divisor of 421641 and 99?
99
What is the greatest common divisor of 3991 and 1924?
13
What is the hig